 - 65 = -5*v. Let m(t) = -t**2 + 16*t - 10. Calculate the remainder when m(s) is divided by 11.
5
Let k = -133 + 242. Let v = k - 35. What is the remainder when v is divided by (-2)/8 + (-77)/(-4)?
17
Let q(c) = c + 10. Suppose 3*x - 6 = 0, -3*y - 5*x + 8 = 34. Let t be q(y). Calculate the remainder when 84 is divided by t + -2 + (30 - -3).
26
Let b = -142 + 240. Suppose l - 3*l = -b. Let y(n) = 4*n + 5. Calculate the remainder when l is divided by y(5).
24
Let t be 2 - -4*5/10. Calculate the remainder when 4 + t/((-16)/(-44)) is divided by 8.
7
Let d = -324 + 570. Calculate the remainder when d is divided by 63.
57
Suppose 4*j + c - 73 = j, -4*c = -j + 20. What is the remainder when 118 is divided by j?
22
Suppose -35 = -o + b + 13, -4*o + 5*b + 189 = 0. Calculate the remainder when 150 is divided by o.
48
Let q = 158 - 103. Let p(j) = -j**3 - 12*j**2 - 4*j - 4. What is the remainder when p(-13) is divided by q?
52
Suppose -118 - 93 = 89*r - 834. Let y = 4 - 3. What is the remainder when r is divided by y?
0
Let q = 498 - 444. Calculate the remainder when q is divided by 14.
12
Suppose 2*j + 3*j - 590 = 0. Let t = j - 56. Suppose 3*f - 73 = -3*q + 8*q, 0 = 3*f - q - 65. Calculate the remainder when t is divided by f.
20
Let j be (0 + (-4)/(-5))/(1/5). Suppose -j*i + 61 + 43 = 0. What is the remainder when i is divided by 8/1 + 1/1?
8
Suppose 19*z = a + 16*z - 407, -1978 = -5*a - 4*z. Calculate the remainder when a is divided by 10.
8
Suppose r = -4*d - 140, -2*d + 4*r + 186 = -7*d. Let z = -45 - -24. Let l = z - d. What is the remainder when 35 is divided by l?
9
Let k = 94 + -176. Let c = k + 87. Calculate the remainder when 147 is divided by c.
2
Suppose -10 - 45 = -5*o. Suppose 0 = 5*c - 15, 5*h = 2*c - 0*c + 99. Let p = h - -22. What is the remainder when p is divided by o?
10
Let s(m) = -m**3 + 8*m**2 - 9*m + 10. Let x be s(5). Let c = x - 8. Let y = c - 19. Calculate the remainder when 25 is divided by y.
12
Suppose o - 5*o + d + 95 = 0, -2*o + 37 = 3*d. Suppose x = -5*a + o, 3*x + 0*x + 5*a = 89. Calculate the remainder when 129 is divided by x.
30
Let c(n) = 2*n**2 - 68*n + 656. What is the remainder when 301 is divided by c(11)?
1
What is the remainder when 1 + (-6)/(-30)*485 is divided by 21?
14
Let w = -10 + 0. Let z(f) = -f - 6. Let k be z(w). Suppose k*x - 197 = -77. What is the remainder when x is divided by 16?
14
Suppose 2224*c - 1880 = 2216*c. What is the remainder when c is divided by 3?
1
Let b = 16 + -11. Suppose 4*s - 663 = z, -b*s + z + 825 = -z. Suppose 3*l - s = -g, l + 5*g = 2*l - 29. What is the remainder when l is divided by 14?
12
Suppose 168 = -5*f + 3*z - z, 0 = 3*f - 5*z + 97. Calculate the remainder when (3498/55)/(f/20 + 2) is divided by 18.
14
Let c(v) = -2*v - 8. What is the remainder when 23 is divided by c(-7)?
5
Suppose 0 = -6*x - 17 + 83. Calculate the remainder when 106 is divided by x.
7
Suppose 72 = -2*n + 590. What is the remainder when n is divided by 33?
28
Let t be (-1448)/(-28) + 4/14 + 0. Suppose 0 = -6*b + t - 16. Calculate the remainder when 20 is divided by b.
2
Let p = -20 + 21. Suppose -5*r + 131 = p. Let v = 19 + -5. What is the remainder when r is divided by v?
12
Let o(j) = -j**2 + 15*j - 5. Let g be o(10). Let l = 78 - g. Calculate the remainder when 62 is divided by l.
29
What is the remainder when 161 is divided by (-1)/(-2)*(-3630)/(-55)?
29
Suppose 3*u - 15 = t - 4*t, 3*t + 5 = -u. Let o = 32 + u. What is the remainder when o is divided by 15?
12
Let b = -16 - -33. Suppose 17*u - 107 = 12. Calculate the remainder when b is divided by u.
3
Let b = 57 - 53. Suppose -6*o + 5*o - b*c + 53 = 0, 0 = 4*o + 3*c - 238. What is the remainder when o is divided by 31?
30
Let h = 66 + -30. Let x = h + -23. What is the remainder when 24 is divided by x?
11
Suppose -2*k = 4*b - 14, 2*b = 3*b + 4. Let c(r) = -r**2 - 33*r + 416. What is the remainder when c(-41) is divided by k?
13
Calculate the remainder when 157 is divided by (-2)/(-8) - 1590/200*-5.
37
Let j(q) = q - 28. Let g be j(9). Let p = g + 26. Calculate the remainder when 89 is divided by p.
5
Suppose -5*q + 12 + 13 = 0. Suppose -2*x + q*p = 2*x - 33, -2*x + 2*p + 18 = 0. What is the remainder when 59 is divided by x?
11
Let r(u) = -13*u + 1. Let m be r(-3). Suppose i - m = -0*i. What is the remainder when 27 is divided by 1*(i/4 + 0)?
7
Let w(b) = -b**2 - 16*b - 28. Suppose 3*a = -39 + 15. What is the remainder when w(a) is divided by 19?
17
What is the remainder when 3/(-9)*-5*3 - -153 is divided by 9?
5
Suppose 5*n = l - 292, 2*l = 3*l + 5*n - 252. Let j be (-8)/12 + l/3. Suppose -5*b = -p - j, -2*b + 46 = b + p. Calculate the remainder when b is divided by 9.
8
Let m(k) = -4*k**2 - 27*k - 5. Calculate the remainder when 84 is divided by m(-6).
6
Let a = 6 + -6. Suppose -5*m = u, 3*u + a*u = -3*m + 12. Let n(v) = v**3 + 16*v**2 - 7*v + 183. What is the remainder when n(-17) is divided by u?
3
Let i = -51 - -37. Let t = 17 + 46. Calculate the remainder when (-3 + 1)*t/i is divided by 5.
4
Suppose -31*g + 2484 = 15*g. What is the remainder when 120 is divided by g?
12
Let t = 27 + -21. Suppose -3*z = -t*z + 54. Calculate the remainder when z is divided by 11.
7
Let j(r) = 41 - 23*r - 47 + 3*r. What is the remainder when j(-3) is divided by 28?
26
Let x(q) = -q**3 - q**2 - q + 6. What is the remainder when x(-4) is divided by 5?
3
Suppose -140 = 4*q + 4*w, 9 - 48 = q - 3*w. Let f = q - -65. Calculate the remainder when f is divided by 10.
9
Let k = -27 + 61. Calculate the remainder when 405 is divided by k.
31
Let h = 38 - 32. Let y(b) = -3 - 3 + 15*b + h. What is the remainder when 43 is divided by y(1)?
13
Let c be 4/6*(-39)/(-1). Let a be (-3 + 4)*(134 + -3). Suppose -h - 2*n + 3*n + c = 0, 5*h = 4*n + a. Calculate the remainder when h is divided by 15.
12
Suppose 0 = -5*t - 3*k + 368, -2*t + 2*k = 52 - 212. Calculate the remainder when t is divided by 26.
24
Suppose -6*r = u - 2*r - 34, -4*u - 5*r + 114 = 0. Calculate the remainder when 50 is divided by u.
24
Let u(l) = 2 + 3*l**2 - 4*l - l + 3*l + 4*l. What is the remainder when ((-12)/(-16))/((-1)/(-24)) is divided by u(-2)?
8
Suppose 0 = -5*y + y + 4*v + 40, -4*v = -5*y + 49. Suppose 66 = 5*h - y. What is the remainder when 104 is divided by h?
14
Let l = -56 + 46. Let p(x) = -2*x + 2. What is the remainder when p(l) is divided by 17?
5
Suppose -s + 4 = 14. Calculate the remainder when 69/115 - 1674/s is divided by 13.
12
Suppose 0 = -5*l + 204 + 56. Let p be (-3 + 1 - -21)*-1. Let w = p - -37. Calculate the remainder when l is divided by w.
16
Suppose 290 = -28*v + 23*v. Let m = v - -69. Suppose 5*s - 35 = -0*s. What is the remainder when m is divided by s?
4
Let w = -9 - -12. Suppose 0 = w*d - 0*d - 228. Suppose 0 = -m + 4*k + d + 13, -2*m = -2*k - 148. Calculate the remainder when m is divided by 24.
21
Let y(a) = a**3 - 8*a**2 + 18*a - 2. What is the remainder when y(10) is divided by 38?
36
Let h(c) be the first derivative of c**3 - c + 4. Calculate the remainder when h(-4) is divided by 12.
11
Suppose 4*l + 1 = -11. What is the remainder when (4 - (33 - 2))*1/l is divided by 2?
1
Let z = 78 + -72. Suppose 0 = z*c - c - 355. Calculate the remainder when c is divided by 15.
11
Suppose -20 = -s - 3*s. Suppose s*y + 3 - 153 = 0. Calculate the remainder when 86 is divided by y.
26
Let m = 1449 - 1443. What is the remainder when 86 is divided by m?
2
Suppose -684 = 12*d - 48*d. What is the remainder when 187 is divided by d?
16
Calculate the remainder when 53 is divided by (-2)/(5 - 4) - -13.
9
Let w(p) = 18*p - 44. Calculate the remainder when w(5) is divided by ((-1)/4)/(-2*(-4)/(-224)).
4
Let a be 18/1*(-14)/6. Let k = a - -64. Suppose 0 = 14*r - 662 - 234. What is the remainder when r is divided by k?
20
Let x(f) = 12*f + 338. What is the remainder when x(-17) is divided by 23?
19
Calculate the remainder when (18/(-12) - 1)*-2 + 92 is divided by 57.
40
Let r = -270 + 279. What is the remainder when 75 is divided by r?
3
Let j = -20219 + 20261. Suppose -n = n + z - 27, 3*z = n + 4. Calculate the remainder when j is divided by n.
9
Let f be -5 + 6 + (1 - 2). Suppose 4*j - 4*z + 42 = 5*j, -2*j - z + 98 = f. What is the remainder when ((-43)/5)/((-10)/j) is divided by 15?
13
S